{"id":45,"date":"2025-02-24T08:46:44","date_gmt":"2025-02-24T08:46:44","guid":{"rendered":"https:\/\/hejkalek.cz\/?page_id=45"},"modified":"2025-11-02T20:36:47","modified_gmt":"2025-11-02T20:36:47","slug":"cenik","status":"publish","type":"page","link":"https:\/\/hejkalek.cz\/?page_id=45","title":{"rendered":"Cen\u00edk"},"content":{"rendered":"\n<div class=\"wp-block-cover alignfull\" style=\"min-height:720px;aspect-ratio:unset;\"><span aria-hidden=\"true\" class=\"wp-block-cover__background has-background-dim-100 has-background-dim has-background-gradient\" style=\"background:linear-gradient(300deg,rgb(202,248,128) 0%,rgb(113,206,126) 100%)\"><\/span><div class=\"wp-block-cover__inner-container is-layout-flow wp-block-cover-is-layout-flow\">\n<div class=\"inherit-container-width wp-block-group alignwide is-layout-constrained wp-block-group-is-layout-constrained\">\n<div class=\"wp-block-media-text alignwide has-media-on-the-right is-stacked-on-mobile is-vertically-aligned-center\" style=\"grid-template-columns:auto 43%\"><div class=\"wp-block-media-text__content\">\n<div style=\"height:100px\" aria-hidden=\"true\" class=\"wp-block-spacer\"><\/div>\n\n\n\n<h1 class=\"wp-block-heading has-text-align-left has-ast-global-color-5-color has-text-color\">Cen\u00edk<\/h1>\n\n\n\n<p class=\"has-ast-global-color-4-color has-text-color has-link-color wp-elements-d93ae051b52c9671cd64b959240b91e9\">D\u011btsk\u00e1 skupina Hejk\u00e1lek je spolufinancov\u00e1na pro obdob\u00ed od 1.5. 2025 do 30.4.2026 ze zdroj\u016f EU.<\/p>\n\n\n\n<p class=\"has-ast-global-color-4-color has-text-color has-link-color wp-elements-7c2a4b7dc646a7a8269579d73237b0de\">N\u00e1zev programu: Opera\u010dn\u00ed program Zam\u011bstnanost plus, CZ.03.01.02\/00\/24_061\/0004460 a rodi\u010di (viz n\u00ed\u017ee):<\/p>\n\n\n\n<figure class=\"wp-block-image size-large is-resized\"><img loading=\"lazy\" decoding=\"async\" width=\"1024\" height=\"266\" src=\"https:\/\/hejkalek.cz\/wp-content\/uploads\/2025\/03\/EU-SPOLUFINANCOVANO-Barevne-1024x266.png\" alt=\"\" class=\"wp-image-152\" style=\"width:192px;height:auto\" srcset=\"https:\/\/hejkalek.cz\/wp-content\/uploads\/2025\/03\/EU-SPOLUFINANCOVANO-Barevne-1024x266.png 1024w, https:\/\/hejkalek.cz\/wp-content\/uploads\/2025\/03\/EU-SPOLUFINANCOVANO-Barevne-300x78.png 300w, https:\/\/hejkalek.cz\/wp-content\/uploads\/2025\/03\/EU-SPOLUFINANCOVANO-Barevne-768x199.png 768w, https:\/\/hejkalek.cz\/wp-content\/uploads\/2025\/03\/EU-SPOLUFINANCOVANO-Barevne-1536x398.png 1536w, https:\/\/hejkalek.cz\/wp-content\/uploads\/2025\/03\/EU-SPOLUFINANCOVANO-Barevne-2048x531.png 2048w\" sizes=\"auto, (max-width: 1024px) 100vw, 1024px\" \/><\/figure>\n\n\n\n<figure class=\"wp-block-table\"><table class=\"has-white-color has-text-color has-link-color has-fixed-layout\"><tbody><tr><td><strong>\u0160kolkovn\u00e9<\/strong><\/td><td>&nbsp;5 dn\u00ed v&nbsp;t\u00fddnu<br>(\u230021 dn\u00ed)<\/td><td><\/td><\/tr><tr><td>D\u00edt\u011b 2 roky \u2013 3 roky<\/td><td>2500,- K\u010d\/m\u011bs\u00edc (119,-K\u010d\/den)<\/td><td><\/td><\/tr><tr><td>D\u00edt\u011b 3 roky \u2013 6 let<\/td><td>3500,- K\u010d\/m\u011bs\u00edc (166,- K\u010d\/den)<\/td><td><\/td><\/tr><tr><td><strong>Stravn\u00e9 za 1 den<\/strong><\/td><td>&nbsp;<\/td><td><\/td><\/tr><tr><td>D\u00edt\u011b 1,5 roku \u2013 3 roky<\/td><td>100,- K\u010d\/den<\/td><td><\/td><\/tr><tr><td>D\u00edt\u011b 3 roky \u2013 6 let<\/td><td>100,- K\u010d\/den<\/td><td><\/td><\/tr><\/tbody><\/table><\/figure>\n\n\n\n<p>Cen\u00edk upraven k 1. 11. 2025.<\/p>\n\n\n\n<p class=\"has-ast-global-color-4-color has-text-color has-link-color wp-elements-a79ff49a2991e024a31361d0dc4610cc\">D\u011bti se rozd\u011bluj\u00ed do dvou kategori\u00ed:<\/p>\n\n\n\n<p class=\"has-ast-global-color-4-color has-text-color has-link-color wp-elements-46b96f44d5157f92e35b7515000c1bba\">\u2022 mlad\u0161\u00ed d\u011bti od 1 roku do 3 let do 31.8. dan\u00e9ho \u0161koln\u00edho roku<\/p>\n\n\n\n<p class=\"has-ast-global-color-4-color has-text-color has-link-color wp-elements-01c06b924511db68bb973d5327f0b9a3\">\u2022star\u0161\u00ed d\u011bti kter\u00fdm po 31.8. ji\u017e byly 3 roky<\/p>\n\n\n\n<p class=\"has-white-color has-text-color has-link-color wp-elements-3d20b547e86d5c79cf5f1f123dc945ba\">\u0160kolkovn\u00e9 nezahrnuje pleny.<\/p>\n\n\n\n<p class=\"has-white-color has-text-color has-link-color wp-elements-229829488954051aa1db7888c6d3aa08\">Stravn\u00e9 je fakturov\u00e1no na konci m\u011bs\u00edce dle doch\u00e1zky.\u00a0<\/p>\n\n\n\n<p class=\"has-white-color has-text-color has-link-color wp-elements-bc58774422765871e7e1e6a8643e4c6d\">\u0160kolkovn\u00e9 na m\u011bs\u00edc je t\u0159eba uhradit v\u017edy k&nbsp;25.dne v&nbsp;p\u0159ede\u0161l\u00e9m m\u011bs\u00edci na m\u011bs\u00edc n\u00e1sleduj\u00edc\u00ed.<\/p>\n\n\n\n<p><\/p>\n\n\n\n<p class=\"has-white-color has-text-color has-link-color wp-elements-c645e628e62f8fbab9d9726851472d16\"><\/p>\n<\/div><figure class=\"wp-block-media-text__media\"><img loading=\"lazy\" decoding=\"async\" width=\"1024\" height=\"894\" src=\"https:\/\/hejkalek.cz\/wp-content\/uploads\/2025\/02\/7-1-1024x894.png\" alt=\"\" class=\"wp-image-77 size-full\" srcset=\"https:\/\/hejkalek.cz\/wp-content\/uploads\/2025\/02\/7-1-1024x894.png 1024w, https:\/\/hejkalek.cz\/wp-content\/uploads\/2025\/02\/7-1-300x262.png 300w, https:\/\/hejkalek.cz\/wp-content\/uploads\/2025\/02\/7-1-768x670.png 768w, https:\/\/hejkalek.cz\/wp-content\/uploads\/2025\/02\/7-1-1536x1341.png 1536w, https:\/\/hejkalek.cz\/wp-content\/uploads\/2025\/02\/7-1.png 2043w\" sizes=\"auto, (max-width: 1024px) 100vw, 1024px\" \/><\/figure><\/div>\n<\/div>\n<\/div><\/div>\n\n\n\n<p><\/p>\n","protected":false},"excerpt":{"rendered":"","protected":false},"author":1,"featured_media":0,"parent":0,"menu_order":0,"comment_status":"closed","ping_status":"closed","template":"","meta":{"site-sidebar-layout":"no-sidebar","site-content-layout":"plain-container","ast-site-content-layout":"","site-content-style":"default","site-sidebar-style":"default","ast-global-header-display":"","ast-banner-title-visibility":"","ast-main-header-display":"","ast-hfb-above-header-display":"","ast-hfb-below-header-display":"","ast-hfb-mobile-header-display":"","site-post-title":"disabled","ast-breadcrumbs-content":"","ast-featured-img":"","footer-sml-layout":"","theme-transparent-header-meta":"enabled","adv-header-id-meta":"","stick-header-meta":"","header-above-stick-meta":"","header-main-stick-meta":"","header-below-stick-meta":"","astra-migrate-meta-layouts":"default","ast-page-background-enabled":"default","ast-page-background-meta":{"desktop":{"background-color":"var(--ast-global-color-5)","background-image":"","background-repeat":"repeat","background-position":"center center","background-size":"auto","background-attachment":"scroll","background-type":"","background-media":"","overlay-type":"","overlay-color":"","overlay-opacity":"","overlay-gradient":""},"tablet":{"background-color":"","background-image":"","background-repeat":"repeat","background-position":"center center","background-size":"auto","background-attachment":"scroll","background-type":"","background-media":"","overlay-type":"","overlay-color":"","overlay-opacity":"","overlay-gradient":""},"mobile":{"background-color":"","background-image":"","background-repeat":"repeat","background-position":"center center","background-size":"auto","background-attachment":"scroll","background-type":"","background-media":"","overlay-type":"","overlay-color":"","overlay-opacity":"","overlay-gradient":""}},"ast-content-background-meta":{"desktop":{"background-color":"var(--ast-global-color-4)","background-image":"","background-repeat":"repeat","background-position":"center center","background-size":"auto","background-attachment":"scroll","background-type":"","background-media":"","overlay-type":"","overlay-color":"","overlay-opacity":"","overlay-gradient":""},"tablet":{"background-color":"var(--ast-global-color-4)","background-image":"","background-repeat":"repeat","background-position":"center center","background-size":"auto","background-attachment":"scroll","background-type":"","background-media":"","overlay-type":"","overlay-color":"","overlay-opacity":"","overlay-gradient":""},"mobile":{"background-color":"var(--ast-global-color-4)","background-image":"","background-repeat":"repeat","background-position":"center center","background-size":"auto","background-attachment":"scroll","background-type":"","background-media":"","overlay-type":"","overlay-color":"","overlay-opacity":"","overlay-gradient":""}},"footnotes":""},"class_list":["post-45","page","type-page","status-publish","hentry"],"_links":{"self":[{"href":"https:\/\/hejkalek.cz\/index.php?rest_route=\/wp\/v2\/pages\/45","targetHints":{"allow":["GET"]}}],"collection":[{"href":"https:\/\/hejkalek.cz\/index.php?rest_route=\/wp\/v2\/pages"}],"about":[{"href":"https:\/\/hejkalek.cz\/index.php?rest_route=\/wp\/v2\/types\/page"}],"author":[{"embeddable":true,"href":"https:\/\/hejkalek.cz\/index.php?rest_route=\/wp\/v2\/users\/1"}],"replies":[{"embeddable":true,"href":"https:\/\/hejkalek.cz\/index.php?rest_route=%2Fwp%2Fv2%2Fcomments&post=45"}],"version-history":[{"count":11,"href":"https:\/\/hejkalek.cz\/index.php?rest_route=\/wp\/v2\/pages\/45\/revisions"}],"predecessor-version":[{"id":219,"href":"https:\/\/hejkalek.cz\/index.php?rest_route=\/wp\/v2\/pages\/45\/revisions\/219"}],"wp:attachment":[{"href":"https:\/\/hejkalek.cz\/index.php?rest_route=%2Fwp%2Fv2%2Fmedia&parent=45"}],"curies":[{"name":"wp","href":"https:\/\/api.w.org\/{rel}","templated":true}]}}